{"id":1061,"date":"2021-11-09T12:39:29","date_gmt":"2021-11-09T15:39:29","guid":{"rendered":"https:\/\/www.trabajadoresdearte.org\/sitio\/?page_id=1061"},"modified":"2022-05-16T17:26:41","modified_gmt":"2022-05-16T20:26:41","slug":"asamblea-de-trabajadores-noviembre-2021","status":"publish","type":"page","link":"https:\/\/www.trabajadoresdearte.org\/sitio\/asamblea-de-trabajadores-noviembre-2021\/","title":{"rendered":"Asamblea de Trabajadores \u2013 noviembre 2021"},"content":{"rendered":"<div class=\"boldgrid-section\">\n<div class=\"container-fluid\">\n<div class=\"row\" style=\"padding-top: 21px; padding-bottom: 20px;\">\n<div class=\"col-md-6 col-xs-12 col-sm-12 col-lg-6\">\n<p class=\"\"><span style=\"font-weight: 400;\">Por iniciativa de Trabajadores de Arte Contempor\u00e1neo se realiz\u00f3 el s\u00e1bado 20 de noviembre de 2021 la <\/span><b>4a Asamblea Latinoamericana de Trabajadoras y Trabajadores de Arte Contempor\u00e1neo.&nbsp;<\/b><\/p>\n<p class=\"\"><span style=\"font-weight: 400;\">La Asamblea tuvo como objetivos reunir en un debate abierto y p\u00fablico a artistas, gestores, curadores, cr\u00edticos, galeristas y otros profesionales de arte contempor\u00e1neo de 22 pa\u00edses de Am\u00e9rica Latina, y compartir experiencias, conceptualizaciones y propuestas para el ejercicio de los derechos laborales del sector.<\/span><\/p>\n<p class=\"\"><b>El equipo de producci\u00f3n<\/b><span style=\"font-weight: 400;\"> de la 4a Asamblea est\u00e1 formado por Jorge Sep\u00falveda T., Guillermina Bustos, Federico de la Puente, Nicol\u00e1s Bertona, Gabriela D\u00edaz Velasco, Mar\u00eda Francisca Jara, Fernando Colman, Kelly Vel\u00e1squez, Mar\u00eda Fernanda Ferri y Karem Morales. &nbsp;<\/span><\/p>\n<p class=\"\"><span style=\"font-weight: 400;\">Revisa la informaci\u00f3n sobre el <\/span><a href=\"https:\/\/www.trabajadoresdearte.org\/sitio\/nosotros\/\"><span style=\"font-weight: 400;\">Equipo de Trabajo<\/span><\/a><span style=\"font-weight: 400;\"> en la <\/span><a href=\"https:\/\/vadb.org\/\"><span style=\"font-weight: 400;\">comunidad VADB<\/span><\/a><span style=\"font-weight: 400;\">.<\/span><\/p>\n<\/div>\n<div class=\"col-md-6 col-sm-12 col-xs-12 color4-background-color color-4-text-contrast bg-background-color col-lg-6\">\n<p class=\"\" style=\"text-align: center;\">&gt;&gt; <strong><a href=\"http:\/\/www.trabalhadoresdearte.org\/\" target=\"_blank\" rel=\"noopener\">Vers\u00e3o em portugu\u00eas<\/a><\/strong> &lt;&lt;<\/p>\n<p class=\"\" style=\"text-align: center;\"><img loading=\"lazy\" decoding=\"async\" class=\"alignnone size-medium wp-image-1070\" src=\"https:\/\/www.trabajadoresdearte.org\/sitio\/wp-content\/uploads\/2021\/11\/msg-481577445-138769-300x298.jpg\" alt=\"\" width=\"300\" height=\"298\" srcset=\"https:\/\/www.trabajadoresdearte.org\/sitio\/wp-content\/uploads\/2021\/11\/msg-481577445-138769-300x298.jpg 300w, https:\/\/www.trabajadoresdearte.org\/sitio\/wp-content\/uploads\/2021\/11\/msg-481577445-138769-1024x1017.jpg 1024w, https:\/\/www.trabajadoresdearte.org\/sitio\/wp-content\/uploads\/2021\/11\/msg-481577445-138769-150x150.jpg 150w, https:\/\/www.trabajadoresdearte.org\/sitio\/wp-content\/uploads\/2021\/11\/msg-481577445-138769-768x763.jpg 768w, https:\/\/www.trabajadoresdearte.org\/sitio\/wp-content\/uploads\/2021\/11\/msg-481577445-138769-48x48.jpg 48w, https:\/\/www.trabajadoresdearte.org\/sitio\/wp-content\/uploads\/2021\/11\/msg-481577445-138769-250x248.jpg 250w, https:\/\/www.trabajadoresdearte.org\/sitio\/wp-content\/uploads\/2021\/11\/msg-481577445-138769-550x546.jpg 550w, https:\/\/www.trabajadoresdearte.org\/sitio\/wp-content\/uploads\/2021\/11\/msg-481577445-138769-800x795.jpg 800w, https:\/\/www.trabajadoresdearte.org\/sitio\/wp-content\/uploads\/2021\/11\/msg-481577445-138769-181x180.jpg 181w, https:\/\/www.trabajadoresdearte.org\/sitio\/wp-content\/uploads\/2021\/11\/msg-481577445-138769-302x300.jpg 302w, https:\/\/www.trabajadoresdearte.org\/sitio\/wp-content\/uploads\/2021\/11\/msg-481577445-138769-503x500.jpg 503w, https:\/\/www.trabajadoresdearte.org\/sitio\/wp-content\/uploads\/2021\/11\/msg-481577445-138769.jpg 1170w\" sizes=\"auto, (max-width: 300px) 100vw, 300px\" \/><\/p>\n<p class=\"\"><strong style=\"font-size: 14px;\">Programa de Trabajo<\/strong><span style=\"font-size: 14px;\"> para la Asamblea:<\/span><\/p>\n<ol class=\"\">\n<li style=\"list-style-type: none;\">\n<ol class=\"\" style=\"font-size: 14px;\">\n<li style=\"font-weight: 400;\" aria-level=\"1\"><span style=\"font-weight: 400;\">Inicio \u2013 Presentaci\u00f3n de la Iniciativa.<\/span><\/li>\n<li style=\"font-weight: 400;\" aria-level=\"1\"><span style=\"font-weight: 400;\">Resumen del trabajo de Vinculaci\u00f3n 2021.<\/span><\/li>\n<li style=\"font-weight: 400;\" aria-level=\"1\"><span style=\"font-weight: 400;\">Reporte <\/span><a href=\"http:\/\/cuantovalemitrabajoenarte.org\/\"><span style=\"font-weight: 400;\">Calculadora de Presupuesto en Arte.<\/span><\/a><\/li>\n<li style=\"font-weight: 400;\" aria-level=\"1\"><span style=\"font-weight: 400;\">Reporte&nbsp;Actualizado del <\/span><a href=\"https:\/\/www.trabajadoresdearte.org\/sitio\/censo-latinoamericano-de-arte-contemporaneo\/\"><span style=\"font-weight: 400;\">2do Censo Latinoamericano de Arte Contempor\u00e1neo<\/span><\/a><span style=\"font-weight: 400;\"> (2020).<\/span><\/li>\n<li style=\"font-weight: 400;\" aria-level=\"1\"><span style=\"font-weight: 400;\">Perspectivas de Trabajo Colaborativo para el 2022.<\/span><\/li>\n<li style=\"font-weight: 400;\" aria-level=\"1\"><span style=\"font-weight: 400;\">Micr\u00f3fono abierto.<\/span><\/li>\n<li style=\"font-weight: 400;\" aria-level=\"1\"><span style=\"font-weight: 400;\">Cierre.<\/span><\/li>\n<\/ol>\n<\/li>\n<\/ol>\n<p class=\"\"><b>Horarios por pa\u00eds:<\/b><\/p>\n<ul class=\"\">\n<li style=\"list-style-type: none;\">\n<ul class=\"\" style=\"font-size: 15px;\">\n<li><span style=\"font-weight: 400;\">11:00 hrs Argentina, Brasil, Chile, Paraguay y Uruguay.<\/span><\/li>\n<li><span style=\"font-weight: 400;\">10:00 hrs Bolivia, Cuba y Venezuela.<\/span><\/li>\n<li><span style=\"font-weight: 400;\">9:00 hrs Colombia, Ecuador y Per\u00fa.<\/span><\/li>\n<li><span style=\"font-weight: 400;\">8:00 hrs M\u00e9xico<\/span><\/li>\n<\/ul>\n<\/li>\n<\/ul>\n<p class=\"\"><b>\u00bfC\u00f3mo participar?<\/b> <a href=\"https:\/\/www.trabajadoresdearte.org\/sitio\/asamblea-de-trabajadores-noviembre-2021\/#inscribete\"><span style=\"font-weight: 400;\">Inscr\u00edbete aqu\u00ed<\/span><\/a><\/p>\n<p class=\"\"><b>Revisa Asambleas anteriores de 2021:<\/b><\/p>\n<ul class=\"\" style=\"font-size: 16px;\">\n<li style=\"list-style-type: none;\">\n<ul class=\"\">\n<li><a class=\"\" style=\"font-size: 15px;\" href=\"https:\/\/www.trabajadoresdearte.org\/sitio\/asamblea-de-trabajadores-mayo-2021\/\"><span style=\"font-weight: 400;\">3a Asamblea de Trabajadoras y Trabajadores de Arte (29 de mayo)<\/span><\/a><\/li>\n<li><a class=\"\" href=\"https:\/\/www.trabajadoresdearte.org\/sitio\/asamblea-de-trabajadores-enero-2021\/\">2a Asamblea de Trabajadoras y Trabajadores de Arte (23 de enero)<\/a><\/li>\n<\/ul>\n<\/li>\n<\/ul>\n<\/div>\n<\/div>\n<div class=\"row\" style=\"text-align: center;\"><\/div>\n<\/div>\n<\/div>\n<div class=\"boldgrid-section\">\n<div class=\"container\">\n<div class=\"row\">\n<div class=\"col-md-12 col-xs-12 col-sm-12 col-lg-12\" style=\"text-align: center;\"><\/div>\n<\/div>\n<\/div>\n<\/div>\n<div class=\"boldgrid-section\">\n<div class=\"container\">\n<div class=\"row\">\n<div class=\"col-md-12 col-xs-12 col-sm-12 col-lg-12\"><\/div>\n<\/div>\n<\/div>\n<\/div>\n<div class=\"boldgrid-section\">\n<div class=\"container\">\n<div class=\"row\">\n<div class=\"col-lg-12 col-md-12 col-xs-12 col-sm-12\"><\/div>\n<\/div>\n<\/div>\n<\/div>\n","protected":false},"excerpt":{"rendered":"<p>Por iniciativa de Trabajadores de Arte Contempor\u00e1neo se realiz\u00f3 el s\u00e1bado 20 de noviembre de 2021 la 4a Asamblea Latinoamericana de Trabajadoras y Trabajadores de Arte Contempor\u00e1neo.&nbsp; La Asamblea tuvo como objetivos reunir en un debate abierto y p\u00fablico a artistas, gestores, curadores, cr\u00edticos, galeristas y otros profesionales de arte contempor\u00e1neo de 22 pa\u00edses de &hellip; <a href=\"https:\/\/www.trabajadoresdearte.org\/sitio\/asamblea-de-trabajadores-noviembre-2021\/\" class=\"more-link\">Sigue leyendo <span class=\"screen-reader-text\">Asamblea de Trabajadores \u2013 noviembre 2021<\/span><\/a><\/p>\n","protected":false},"author":1,"featured_media":0,"parent":0,"menu_order":0,"comment_status":"closed","ping_status":"closed","template":"template\/page\/fullwidth.php","meta":{"bgseo_title":"","bgseo_description":"","bgseo_robots_index":"index","bgseo_robots_follow":"follow","footnotes":""},"class_list":["post-1061","page","type-page","status-publish","hentry"],"_links":{"self":[{"href":"https:\/\/www.trabajadoresdearte.org\/sitio\/wp-json\/wp\/v2\/pages\/1061","targetHints":{"allow":["GET"]}}],"collection":[{"href":"https:\/\/www.trabajadoresdearte.org\/sitio\/wp-json\/wp\/v2\/pages"}],"about":[{"href":"https:\/\/www.trabajadoresdearte.org\/sitio\/wp-json\/wp\/v2\/types\/page"}],"author":[{"embeddable":true,"href":"https:\/\/www.trabajadoresdearte.org\/sitio\/wp-json\/wp\/v2\/users\/1"}],"replies":[{"embeddable":true,"href":"https:\/\/www.trabajadoresdearte.org\/sitio\/wp-json\/wp\/v2\/comments?post=1061"}],"version-history":[{"count":9,"href":"https:\/\/www.trabajadoresdearte.org\/sitio\/wp-json\/wp\/v2\/pages\/1061\/revisions"}],"predecessor-version":[{"id":1169,"href":"https:\/\/www.trabajadoresdearte.org\/sitio\/wp-json\/wp\/v2\/pages\/1061\/revisions\/1169"}],"wp:attachment":[{"href":"https:\/\/www.trabajadoresdearte.org\/sitio\/wp-json\/wp\/v2\/media?parent=1061"}],"curies":[{"name":"wp","href":"https:\/\/api.w.org\/{rel}","templated":true}]}}