{"id":499,"date":"2020-12-14T21:10:29","date_gmt":"2020-12-15T00:10:29","guid":{"rendered":"https:\/\/www.trabajadoresdearte.org\/sitio\/?page_id=499"},"modified":"2022-05-11T20:21:18","modified_gmt":"2022-05-11T23:21:18","slug":"actualizacion-de-acuerdos-de-trabajadores","status":"publish","type":"page","link":"https:\/\/www.trabajadoresdearte.org\/sitio\/actualizacion-de-acuerdos-de-trabajadores\/","title":{"rendered":"Actualizaci\u00f3n de Acuerdos de Trabajadores"},"content":{"rendered":"<div class=\"boldgrid-section\" style=\"background-color: #ffffff;\">\n<div class=\"container\">\n<div class=\"row\">\n<div class=\"col-lg-12 col-md-12 col-xs-12 col-sm-12\" style=\"text-align: center;\">\n<p class=\"\">&nbsp;<\/p>\n<p class=\"mod-reset\"><img loading=\"lazy\" decoding=\"async\" class=\"alignnone size-large wp-image-1134\" src=\"https:\/\/www.trabajadoresdearte.org\/sitio\/wp-content\/uploads\/2022\/04\/Trabajadores_de_Arte_actualizacion_acuerdos_junio2022-1024x536.jpeg\" alt=\"\" width=\"660\" height=\"345\" srcset=\"https:\/\/www.trabajadoresdearte.org\/sitio\/wp-content\/uploads\/2022\/04\/Trabajadores_de_Arte_actualizacion_acuerdos_junio2022-1024x536.jpeg 1024w, https:\/\/www.trabajadoresdearte.org\/sitio\/wp-content\/uploads\/2022\/04\/Trabajadores_de_Arte_actualizacion_acuerdos_junio2022-300x157.jpeg 300w, https:\/\/www.trabajadoresdearte.org\/sitio\/wp-content\/uploads\/2022\/04\/Trabajadores_de_Arte_actualizacion_acuerdos_junio2022-768x402.jpeg 768w, https:\/\/www.trabajadoresdearte.org\/sitio\/wp-content\/uploads\/2022\/04\/Trabajadores_de_Arte_actualizacion_acuerdos_junio2022-250x131.jpeg 250w, https:\/\/www.trabajadoresdearte.org\/sitio\/wp-content\/uploads\/2022\/04\/Trabajadores_de_Arte_actualizacion_acuerdos_junio2022-550x288.jpeg 550w, https:\/\/www.trabajadoresdearte.org\/sitio\/wp-content\/uploads\/2022\/04\/Trabajadores_de_Arte_actualizacion_acuerdos_junio2022-800x419.jpeg 800w, https:\/\/www.trabajadoresdearte.org\/sitio\/wp-content\/uploads\/2022\/04\/Trabajadores_de_Arte_actualizacion_acuerdos_junio2022-344x180.jpeg 344w, https:\/\/www.trabajadoresdearte.org\/sitio\/wp-content\/uploads\/2022\/04\/Trabajadores_de_Arte_actualizacion_acuerdos_junio2022-573x300.jpeg 573w, https:\/\/www.trabajadoresdearte.org\/sitio\/wp-content\/uploads\/2022\/04\/Trabajadores_de_Arte_actualizacion_acuerdos_junio2022-955x500.jpeg 955w, https:\/\/www.trabajadoresdearte.org\/sitio\/wp-content\/uploads\/2022\/04\/Trabajadores_de_Arte_actualizacion_acuerdos_junio2022.jpeg 1200w\" sizes=\"auto, (max-width: 660px) 100vw, 660px\" \/><\/p>\n<\/div>\n<\/div>\n<div class=\"row\" style=\"padding-top: 23px; padding-bottom: 8px;\">\n<div class=\"col-md-12 col-sm-12 col-xs-12 col-lg-12\">\n<h2 class=\"\" style=\"text-align: center;\"><strong>ACTUALIZACI\u00d3N COLABORATIVA DE LOS ACUERDOS DE TRABAJADORAS Y TRABAJADORES DE ARTE CONTEMPOR\u00c1NEO.<\/strong><\/h2>\n<p class=\"\" style=\"text-align: center;\"><strong>Consulta p\u00fablica y abierta. 1 al 15 de mayo de 2022.<\/strong><\/p>\n<\/div>\n<\/div>\n<div class=\"row\" style=\"padding-bottom: 50px; padding-top: 10px;\">\n<div class=\"col-md-6 col-sm-6 col-xs-12 col-lg-6\">\n<p class=\"\">Participa en la Actualizaci\u00f3n Colaborativa de los <strong>Acuerdos de Trabajadoras y Trabajadores de Arte Contempor\u00e1neo para Argentina, Brasil, Chile, Colombia, Ecuador, M\u00e9xico y Per\u00fa <\/strong>que estamos realizando entre&nbsp;el d\u00eda domingo 1 a domingo 15 de mayo 2022 (inclusive).<\/p>\n<p class=\"\">Completar el formulario toma entre 3 y 5 minutos.&nbsp;<\/p>\n<p class=\"\">Las propuestas recibidas y los resultados preliminares de la actualizaci\u00f3n son compartidos en los grupos de debate en <a href=\"http:\/\/tiny.cc\/trabajadoresdearte2\">http:\/\/tiny.cc\/trabajadoresdearte2<\/a> (Whatsapp) y <a href=\"http:\/\/t.me\/trabajadoresdearte\">http:\/\/t.me\/trabajadoresdearte<\/a> (Telegram).<\/p>\n<p class=\"\">Toda la informaci\u00f3n recopilada es confidencial y ser\u00e1 utilizada con fines estad\u00edsticos.<\/p>\n<p class=\"\"><strong>Comparte con otros Trabajadores!<br \/>\n<\/strong>&gt; <strong>comparte este enlace<\/strong> <a href=\"http:\/\/tiny.cc\/ActualizaciondeAcuerdos\">http:\/\/tiny.cc\/ActualizaciondeAcuerdos<\/a><br \/>\n&gt; <strong>evento en facebook<\/strong> <a href=\"https:\/\/fb.me\/e\/14Um0FRb3\" target=\"_blank\" rel=\"noopener\">https:\/\/fb.me\/e\/14Um0FRb3<\/a><br \/>\n&gt; <strong>evento en la comunidad VADB<\/strong> <a href=\"https:\/\/vadb.org\/events\/actualizacion-colaborativa-de-los-acuerdos-de-trabajadoras-y-trabajadores-de-arte\" target=\"_blank\" rel=\"noopener\">https:\/\/vadb.org\/events\/actualizacion-colaborativa-de-los-acuerdos-de-trabajadoras-y-trabajadores-de-arte<\/a> .<\/p>\n<\/div>\n<div class=\"col-md-6 col-sm-6 col-xs-12 color4-background-color color-4-text-contrast bg-background-color col-lg-6\">\n<pre class=\"\" style=\"text-align: center;\"><strong>QUER PARTICIPAR da atualiza\u00e7\u00e3o do Acordo dos Trabalhadores da Arte no Brasil?<\/strong>\r\n<a href=\"http:\/\/www.trabalhadoresdearte.org\">http:\/\/www.trabalhadoresdearte.org<\/a><\/pre>\n<p class=\"\">&gt;&gt; <a href=\"https:\/\/www.trabajadoresdearte.org\/sitio\/acuerdos-de-trabajadores-de-arte\/\"><strong>Revisa los Acuerdos de Trabajadores de Arte <\/strong><\/a>vigentes para 7 pa\u00edses de Am\u00e9rica Latina.&nbsp;<br \/>\n&gt;&gt; <strong>Comenta y comparte<\/strong> tus experiencias laborales en <a href=\"http:\/\/tiny.cc\/trabajadoresdearte2\">http:\/\/tiny.cc\/trabajadoresdearte2<\/a> (Whatsapp) y <a href=\"http:\/\/t.me\/trabajadoresdearte\">http:\/\/t.me\/trabajadoresdearte<\/a> (Telegram)<\/p>\n<p class=\"\" style=\"text-align: center;\"><strong>Comparte este enlace e incluye en tus publicaciones este c\u00f3digo para acceder directamente a esta p\u00e1gina.<\/strong><\/p>\n<p>&nbsp;<\/p>\n<p class=\"\" style=\"text-align: center;\"><img loading=\"lazy\" decoding=\"async\" class=\"alignnone size-medium wp-image-1132\" src=\"https:\/\/www.trabajadoresdearte.org\/sitio\/wp-content\/uploads\/2022\/04\/actulizacion_acuerdos_de_trabajadores_de_arte-300x300.png\" alt=\"\" width=\"300\" height=\"300\" srcset=\"https:\/\/www.trabajadoresdearte.org\/sitio\/wp-content\/uploads\/2022\/04\/actulizacion_acuerdos_de_trabajadores_de_arte-300x300.png 300w, https:\/\/www.trabajadoresdearte.org\/sitio\/wp-content\/uploads\/2022\/04\/actulizacion_acuerdos_de_trabajadores_de_arte-150x150.png 150w, https:\/\/www.trabajadoresdearte.org\/sitio\/wp-content\/uploads\/2022\/04\/actulizacion_acuerdos_de_trabajadores_de_arte-768x768.png 768w, https:\/\/www.trabajadoresdearte.org\/sitio\/wp-content\/uploads\/2022\/04\/actulizacion_acuerdos_de_trabajadores_de_arte-48x48.png 48w, https:\/\/www.trabajadoresdearte.org\/sitio\/wp-content\/uploads\/2022\/04\/actulizacion_acuerdos_de_trabajadores_de_arte-250x250.png 250w, https:\/\/www.trabajadoresdearte.org\/sitio\/wp-content\/uploads\/2022\/04\/actulizacion_acuerdos_de_trabajadores_de_arte-550x550.png 550w, https:\/\/www.trabajadoresdearte.org\/sitio\/wp-content\/uploads\/2022\/04\/actulizacion_acuerdos_de_trabajadores_de_arte-800x800.png 800w, https:\/\/www.trabajadoresdearte.org\/sitio\/wp-content\/uploads\/2022\/04\/actulizacion_acuerdos_de_trabajadores_de_arte-180x180.png 180w, https:\/\/www.trabajadoresdearte.org\/sitio\/wp-content\/uploads\/2022\/04\/actulizacion_acuerdos_de_trabajadores_de_arte-500x500.png 500w, https:\/\/www.trabajadoresdearte.org\/sitio\/wp-content\/uploads\/2022\/04\/actulizacion_acuerdos_de_trabajadores_de_arte.png 810w\" sizes=\"auto, (max-width: 300px) 100vw, 300px\" \/><\/p>\n<p class=\"\" style=\"text-align: center;\"><a href=\"http:\/\/tiny.cc\/ActualizaciondeAcuerdos\">http:\/\/tiny.cc\/ActualizaciondeAcuerdos<\/a><\/p>\n<\/div>\n<\/div>\n<div class=\"row\">\n<div class=\"col-lg-12 col-md-12 col-xs-12 col-sm-12\" style=\"text-align: center;\"><iframe loading=\"lazy\" style=\"border: 0; box-shadow: 5px 5px 56px 0px rgba(0,0,0,0.25);\" src=\"https:\/\/forms.monday.com\/forms\/embed\/290de0ddd8821f3b8af465fdf826d6fe?r=use1\" width=\"100%\" height=\"1000\"><span data-mce-type=\"bookmark\" style=\"display: inline-block; width: 0px; overflow: hidden; line-height: 0;\" class=\"mce_SELRES_start\">\ufeff<\/span><span data-mce-type=\"bookmark\" style=\"display: inline-block; width: 0px; overflow: hidden; line-height: 0;\" class=\"mce_SELRES_start\">\ufeff<\/span><\/iframe><\/div>\n<\/div>\n<div class=\"row\">\n<div class=\"col-lg-12 col-md-12 col-xs-12 col-sm-12\"><\/div>\n<\/div>\n<div class=\"row\">\n<div class=\"col-lg-12 col-md-12 col-xs-12 col-sm-12\">\n<p class=\"\">&nbsp;<\/p>\n<\/div>\n<\/div>\n<\/div>\n<\/div>\n<div class=\"boldgrid-section\">\n<div class=\"container\">\n<div class=\"row\">\n<div class=\"col-lg-12 col-md-12 col-xs-12 col-sm-12\">\n<p class=\"\">&nbsp;<\/p>\n<\/div>\n<\/div>\n<\/div>\n<\/div>\n","protected":false},"excerpt":{"rendered":"<p>&nbsp; ACTUALIZACI\u00d3N COLABORATIVA DE LOS ACUERDOS DE TRABAJADORAS Y TRABAJADORES DE ARTE CONTEMPOR\u00c1NEO. Consulta p\u00fablica y abierta. 1 al 15 de mayo de 2022. Participa en la Actualizaci\u00f3n Colaborativa de los Acuerdos de Trabajadoras y Trabajadores de Arte Contempor\u00e1neo para Argentina, Brasil, Chile, Colombia, Ecuador, M\u00e9xico y Per\u00fa que estamos realizando entre&nbsp;el d\u00eda domingo 1 &hellip; <a href=\"https:\/\/www.trabajadoresdearte.org\/sitio\/actualizacion-de-acuerdos-de-trabajadores\/\" class=\"more-link\">Sigue leyendo <span class=\"screen-reader-text\">Actualizaci\u00f3n de Acuerdos de Trabajadores<\/span><\/a><\/p>\n","protected":false},"author":1,"featured_media":0,"parent":0,"menu_order":0,"comment_status":"closed","ping_status":"closed","template":"template\/page\/fullwidth.php","meta":{"bgseo_title":"","bgseo_description":"","bgseo_robots_index":"index","bgseo_robots_follow":"follow","footnotes":""},"class_list":["post-499","page","type-page","status-publish","hentry"],"_links":{"self":[{"href":"https:\/\/www.trabajadoresdearte.org\/sitio\/wp-json\/wp\/v2\/pages\/499","targetHints":{"allow":["GET"]}}],"collection":[{"href":"https:\/\/www.trabajadoresdearte.org\/sitio\/wp-json\/wp\/v2\/pages"}],"about":[{"href":"https:\/\/www.trabajadoresdearte.org\/sitio\/wp-json\/wp\/v2\/types\/page"}],"author":[{"embeddable":true,"href":"https:\/\/www.trabajadoresdearte.org\/sitio\/wp-json\/wp\/v2\/users\/1"}],"replies":[{"embeddable":true,"href":"https:\/\/www.trabajadoresdearte.org\/sitio\/wp-json\/wp\/v2\/comments?post=499"}],"version-history":[{"count":10,"href":"https:\/\/www.trabajadoresdearte.org\/sitio\/wp-json\/wp\/v2\/pages\/499\/revisions"}],"predecessor-version":[{"id":1165,"href":"https:\/\/www.trabajadoresdearte.org\/sitio\/wp-json\/wp\/v2\/pages\/499\/revisions\/1165"}],"wp:attachment":[{"href":"https:\/\/www.trabajadoresdearte.org\/sitio\/wp-json\/wp\/v2\/media?parent=499"}],"curies":[{"name":"wp","href":"https:\/\/api.w.org\/{rel}","templated":true}]}}

Actualización de Acuerdos de Trabajadores

<div class="boldgrid-section" style="background-color: #ffffff;">
<div class="container">
<div class="row">
<div class="col-lg-12 col-md-12 col-xs-12 col-sm-12" style="text-align: center;">
<p class="">&nbsp;</p>
<p class="mod-reset"><img loading="lazy" decoding="async" class="alignnone size-large wp-image-1134" src="https://www.trabajadoresdearte.org/sitio/wp-content/uploads/2022/04/Trabajadores_de_Arte_actualizacion_acuerdos_junio2022-1024x536.jpeg" alt="" width="660" height="345" srcset="https://www.trabajadoresdearte.org/sitio/wp-content/uploads/2022/04/Trabajadores_de_Arte_actualizacion_acuerdos_junio2022-1024x536.jpeg 1024w, https://www.trabajadoresdearte.org/sitio/wp-content/uploads/2022/04/Trabajadores_de_Arte_actualizacion_acuerdos_junio2022-300x157.jpeg 300w, https://www.trabajadoresdearte.org/sitio/wp-content/uploads/2022/04/Trabajadores_de_Arte_actualizacion_acuerdos_junio2022-768x402.jpeg 768w, https://www.trabajadoresdearte.org/sitio/wp-content/uploads/2022/04/Trabajadores_de_Arte_actualizacion_acuerdos_junio2022-250x131.jpeg 250w, https://www.trabajadoresdearte.org/sitio/wp-content/uploads/2022/04/Trabajadores_de_Arte_actualizacion_acuerdos_junio2022-550x288.jpeg 550w, https://www.trabajadoresdearte.org/sitio/wp-content/uploads/2022/04/Trabajadores_de_Arte_actualizacion_acuerdos_junio2022-800x419.jpeg 800w, https://www.trabajadoresdearte.org/sitio/wp-content/uploads/2022/04/Trabajadores_de_Arte_actualizacion_acuerdos_junio2022-344x180.jpeg 344w, https://www.trabajadoresdearte.org/sitio/wp-content/uploads/2022/04/Trabajadores_de_Arte_actualizacion_acuerdos_junio2022-573x300.jpeg 573w, https://www.trabajadoresdearte.org/sitio/wp-content/uploads/2022/04/Trabajadores_de_Arte_actualizacion_acuerdos_junio2022-955x500.jpeg 955w, https://www.trabajadoresdearte.org/sitio/wp-content/uploads/2022/04/Trabajadores_de_Arte_actualizacion_acuerdos_junio2022.jpeg 1200w" sizes="auto, (max-width: 660px) 100vw, 660px" /></p>
</div>
</div>
<div class="row" style="padding-top: 23px; padding-bottom: 8px;">
<div class="col-md-12 col-sm-12 col-xs-12 col-lg-12">
<h2 class="" style="text-align: center;"><strong>ACTUALIZACIÓN COLABORATIVA DE LOS ACUERDOS DE TRABAJADORAS Y TRABAJADORES DE ARTE CONTEMPORÁNEO.</strong></h2>
<p class="" style="text-align: center;"><strong>Consulta pública y abierta. 1 al 15 de mayo de 2022.</strong></p>
</div>
</div>
<div class="row" style="padding-bottom: 50px; padding-top: 10px;">
<div class="col-md-6 col-sm-6 col-xs-12 col-lg-6">
<p class="">Participa en la Actualización Colaborativa de los <strong>Acuerdos de Trabajadoras y Trabajadores de Arte Contemporáneo para Argentina, Brasil, Chile, Colombia, Ecuador, México y Perú </strong>que estamos realizando entre&nbsp;el día domingo 1 a domingo 15 de mayo 2022 (inclusive).</p>
<p class="">Completar el formulario toma entre 3 y 5 minutos.&nbsp;</p>
<p class="">Las propuestas recibidas y los resultados preliminares de la actualización son compartidos en los grupos de debate en <a href="http://tiny.cc/trabajadoresdearte2">http://tiny.cc/trabajadoresdearte2</a> (Whatsapp) y <a href="http://t.me/trabajadoresdearte">http://t.me/trabajadoresdearte</a> (Telegram).</p>
<p class="">Toda la información recopilada es confidencial y será utilizada con fines estadísticos.</p>
<p class=""><strong>Comparte con otros Trabajadores!<br />
</strong>&gt; <strong>comparte este enlace</strong> <a href="http://tiny.cc/ActualizaciondeAcuerdos">http://tiny.cc/ActualizaciondeAcuerdos</a><br />
&gt; <strong>evento en facebook</strong> <a href="https://fb.me/e/14Um0FRb3" target="_blank" rel="noopener">https://fb.me/e/14Um0FRb3</a><br />
&gt; <strong>evento en la comunidad VADB</strong> <a href="https://vadb.org/events/actualizacion-colaborativa-de-los-acuerdos-de-trabajadoras-y-trabajadores-de-arte" target="_blank" rel="noopener">https://vadb.org/events/actualizacion-colaborativa-de-los-acuerdos-de-trabajadoras-y-trabajadores-de-arte</a> .</p>
</div>
<div class="col-md-6 col-sm-6 col-xs-12 color4-background-color color-4-text-contrast bg-background-color col-lg-6">
<pre class="" style="text-align: center;"><strong>QUER PARTICIPAR da atualização do Acordo dos Trabalhadores da Arte no Brasil?</strong>
<a href="http://www.trabalhadoresdearte.org">http://www.trabalhadoresdearte.org</a></pre>
<p class="">&gt;&gt; <a href="https://www.trabajadoresdearte.org/sitio/acuerdos-de-trabajadores-de-arte/"><strong>Revisa los Acuerdos de Trabajadores de Arte </strong></a>vigentes para 7 países de América Latina.&nbsp;<br />
&gt;&gt; <strong>Comenta y comparte</strong> tus experiencias laborales en <a href="http://tiny.cc/trabajadoresdearte2">http://tiny.cc/trabajadoresdearte2</a> (Whatsapp) y <a href="http://t.me/trabajadoresdearte">http://t.me/trabajadoresdearte</a> (Telegram)</p>
<p class="" style="text-align: center;"><strong>Comparte este enlace e incluye en tus publicaciones este código para acceder directamente a esta página.</strong></p>
<p>&nbsp;</p>
<p class="" style="text-align: center;"><img loading="lazy" decoding="async" class="alignnone size-medium wp-image-1132" src="https://www.trabajadoresdearte.org/sitio/wp-content/uploads/2022/04/actulizacion_acuerdos_de_trabajadores_de_arte-300x300.png" alt="" width="300" height="300" srcset="https://www.trabajadoresdearte.org/sitio/wp-content/uploads/2022/04/actulizacion_acuerdos_de_trabajadores_de_arte-300x300.png 300w, https://www.trabajadoresdearte.org/sitio/wp-content/uploads/2022/04/actulizacion_acuerdos_de_trabajadores_de_arte-150x150.png 150w, https://www.trabajadoresdearte.org/sitio/wp-content/uploads/2022/04/actulizacion_acuerdos_de_trabajadores_de_arte-768x768.png 768w, https://www.trabajadoresdearte.org/sitio/wp-content/uploads/2022/04/actulizacion_acuerdos_de_trabajadores_de_arte-48x48.png 48w, https://www.trabajadoresdearte.org/sitio/wp-content/uploads/2022/04/actulizacion_acuerdos_de_trabajadores_de_arte-250x250.png 250w, https://www.trabajadoresdearte.org/sitio/wp-content/uploads/2022/04/actulizacion_acuerdos_de_trabajadores_de_arte-550x550.png 550w, https://www.trabajadoresdearte.org/sitio/wp-content/uploads/2022/04/actulizacion_acuerdos_de_trabajadores_de_arte-800x800.png 800w, https://www.trabajadoresdearte.org/sitio/wp-content/uploads/2022/04/actulizacion_acuerdos_de_trabajadores_de_arte-180x180.png 180w, https://www.trabajadoresdearte.org/sitio/wp-content/uploads/2022/04/actulizacion_acuerdos_de_trabajadores_de_arte-500x500.png 500w, https://www.trabajadoresdearte.org/sitio/wp-content/uploads/2022/04/actulizacion_acuerdos_de_trabajadores_de_arte.png 810w" sizes="auto, (max-width: 300px) 100vw, 300px" /></p>
<p class="" style="text-align: center;"><a href="http://tiny.cc/ActualizaciondeAcuerdos">http://tiny.cc/ActualizaciondeAcuerdos</a></p>
</div>
</div>
<div class="row">
<div class="col-lg-12 col-md-12 col-xs-12 col-sm-12" style="text-align: center;"><iframe loading="lazy" style="border: 0; box-shadow: 5px 5px 56px 0px rgba(0,0,0,0.25);" src="https://forms.monday.com/forms/embed/290de0ddd8821f3b8af465fdf826d6fe?r=use1" width="100%" height="1000"><span data-mce-type="bookmark" style="display: inline-block; width: 0px; overflow: hidden; line-height: 0;" class="mce_SELRES_start">﻿</span><span data-mce-type="bookmark" style="display: inline-block; width: 0px; overflow: hidden; line-height: 0;" class="mce_SELRES_start">﻿</span></iframe></div>
</div>
<div class="row">
<div class="col-lg-12 col-md-12 col-xs-12 col-sm-12"></div>
</div>
<div class="row">
<div class="col-lg-12 col-md-12 col-xs-12 col-sm-12">
<p class="">&nbsp;</p>
</div>
</div>
</div>
</div>
<div class="boldgrid-section">
<div class="container">
<div class="row">
<div class="col-lg-12 col-md-12 col-xs-12 col-sm-12">
<p class="">&nbsp;</p>
</div>
</div>
</div>
</div>

<p>&nbsp; ACTUALIZACIÓN COLABORATIVA DE LOS ACUERDOS DE TRABAJADORAS Y TRABAJADORES DE ARTE CONTEMPORÁNEO. Consulta pública y abierta. 1 al 15 de mayo de 2022. Participa en la Actualización Colaborativa de los Acuerdos de Trabajadoras y Trabajadores de Arte Contemporáneo para Argentina, Brasil, Chile, Colombia, Ecuador, México y Perú que estamos realizando entre&nbsp;el día domingo 1 &hellip; <a href="https://www.trabajadoresdearte.org/sitio/actualizacion-de-acuerdos-de-trabajadores/" class="more-link">Sigue leyendo <span class="screen-reader-text">Actualización de Acuerdos de Trabajadores</span></a></p>
