{"id":5,"date":"2020-06-20T13:24:49","date_gmt":"2020-06-20T13:24:49","guid":{"rendered":"https:\/\/www.trabajadoresdearte.org\/sitio\/home\/"},"modified":"2025-12-09T10:23:48","modified_gmt":"2025-12-09T13:23:48","slug":"home","status":"publish","type":"page","link":"https:\/\/www.trabajadoresdearte.org\/sitio\/","title":{"rendered":"Inicio"},"content":{"rendered":"<div class=\"boldgrid-section\" style=\"background-color: #ffffff;\">\n<div class=\"container\">\n<div class=\"row\" style=\"padding-top: 13px;\">\n<div><\/div>\n<div><\/div>\n<div><\/div>\n<div class=\"col-lg-12 col-md-12 col-xs-12 col-sm-12\">\n<h3 class=\"type-title\" style=\"text-align: center;\">YA EST\u00c1 DISPONIBLE EL VIDEO DE LA XII ASAMBLEA LATINOAMERICANA DE TRABAJADORAS Y TRABAJADORES DE ARTE&nbsp;<br \/>\nO v\u00eddeo da XII Assembleia Latino-Americana de Trabalhadores de Arte j\u00e1 est\u00e1 dispon\u00edvel.<\/h3>\n<p class=\"\" style=\"text-align: center;\"><a href=\"https:\/\/www.trabajadoresdearte.org\/sitio\/xii-asamblea-latinoamericana-de-trabajadoras-y-trabajadores-de-arte-contemporaneo\/\"><strong><img loading=\"lazy\" decoding=\"async\" class=\"aligncenter wp-image-1526 \" src=\"https:\/\/www.trabajadoresdearte.org\/sitio\/wp-content\/uploads\/2025\/11\/asamblea-horizontal-1024x379.jpg\" alt=\"\" width=\"756\" height=\"325\"><\/strong><\/a><\/p>\n<p class=\"\" style=\"text-align: center;\"><a href=\"https:\/\/www.trabajadoresdearte.org\/sitio\/xii-asamblea-latinoamericana-de-trabajadoras-y-trabajadores-de-arte-contemporaneo\/\">versi\u00f3n en espa\u00f1ol<\/a> | Vers\u00e3o em portugu\u00eas<\/p>\n<p class=\"\" style=\"text-align: center;\"><a href=\"https:\/\/www.trabajadoresdearte.org\/sitio\/preventa-del-manual-de-accion-actualizado\/\"><img loading=\"lazy\" decoding=\"async\" class=\"alignnone wp-image-1413 size-full\" src=\"https:\/\/www.trabajadoresdearte.org\/sitio\/wp-content\/uploads\/2025\/02\/Horizontal-2.jpg\" alt=\"\" width=\"851\" height=\"315\" srcset=\"https:\/\/www.trabajadoresdearte.org\/sitio\/wp-content\/uploads\/2025\/02\/Horizontal-2.jpg 851w, https:\/\/www.trabajadoresdearte.org\/sitio\/wp-content\/uploads\/2025\/02\/Horizontal-2-300x111.jpg 300w, https:\/\/www.trabajadoresdearte.org\/sitio\/wp-content\/uploads\/2025\/02\/Horizontal-2-768x284.jpg 768w, https:\/\/www.trabajadoresdearte.org\/sitio\/wp-content\/uploads\/2025\/02\/Horizontal-2-250x93.jpg 250w, https:\/\/www.trabajadoresdearte.org\/sitio\/wp-content\/uploads\/2025\/02\/Horizontal-2-550x204.jpg 550w, https:\/\/www.trabajadoresdearte.org\/sitio\/wp-content\/uploads\/2025\/02\/Horizontal-2-800x296.jpg 800w, https:\/\/www.trabajadoresdearte.org\/sitio\/wp-content\/uploads\/2025\/02\/Horizontal-2-486x180.jpg 486w, https:\/\/www.trabajadoresdearte.org\/sitio\/wp-content\/uploads\/2025\/02\/Horizontal-2-810x300.jpg 810w\" sizes=\"auto, (max-width: 851px) 100vw, 851px\" \/><\/a><\/p>\n<\/div>\n<\/div>\n<div class=\"row\" style=\"padding-top: 11px; padding-bottom: 28px;\">\n<div class=\"col-md-6 col-sm-6 col-xs-12 col-lg-6\" style=\"text-align: center;\">\n<p class=\"\" style=\"text-align: center;\"><a href=\"https:\/\/www.trabajadoresdearte.org\/sitio\/version-impresa-del-manual-de-accion\/\"><img loading=\"lazy\" decoding=\"async\" class=\"wp-image-958 size-medium aligncenter\" src=\"https:\/\/www.trabajadoresdearte.org\/sitio\/wp-content\/uploads\/2021\/06\/photo1623964733-258x300.jpeg\" alt=\"\" width=\"258\" height=\"300\" srcset=\"https:\/\/www.trabajadoresdearte.org\/sitio\/wp-content\/uploads\/2021\/06\/photo1623964733-258x300.jpeg 258w, https:\/\/www.trabajadoresdearte.org\/sitio\/wp-content\/uploads\/2021\/06\/photo1623964733-880x1024.jpeg 880w, https:\/\/www.trabajadoresdearte.org\/sitio\/wp-content\/uploads\/2021\/06\/photo1623964733-768x894.jpeg 768w, https:\/\/www.trabajadoresdearte.org\/sitio\/wp-content\/uploads\/2021\/06\/photo1623964733-250x291.jpeg 250w, https:\/\/www.trabajadoresdearte.org\/sitio\/wp-content\/uploads\/2021\/06\/photo1623964733-550x640.jpeg 550w, https:\/\/www.trabajadoresdearte.org\/sitio\/wp-content\/uploads\/2021\/06\/photo1623964733-800x931.jpeg 800w, https:\/\/www.trabajadoresdearte.org\/sitio\/wp-content\/uploads\/2021\/06\/photo1623964733-155x180.jpeg 155w, https:\/\/www.trabajadoresdearte.org\/sitio\/wp-content\/uploads\/2021\/06\/photo1623964733-430x500.jpeg 430w, https:\/\/www.trabajadoresdearte.org\/sitio\/wp-content\/uploads\/2021\/06\/photo1623964733.jpeg 1100w\" sizes=\"auto, (max-width: 258px) 100vw, 258px\" \/><\/a><\/p>\n<pre class=\"\"><span style=\"font-size: 24px; font-weight: bold; background-color: #ffffff; font-family: 'Noto Serif', serif;\">MANUAL DE ACCI\u00d3N<\/span><\/pre>\n<h3 class=\"\" style=\"text-align: center;\">versi\u00f3n impresa y digital.<\/h3>\n<p class=\"\" style=\"text-align: center;\"><strong>MANUAL DE A\u00c7\u00c3O impresso<\/strong><\/p>\n<p class=\"\">&nbsp;<\/p>\n<\/div>\n<div class=\"col-md-6 col-sm-6 col-xs-12 color4-background-color color-4-text-contrast bg-background-color col-lg-6\" style=\"background-color: #ffffff;\">\n<div class=\"row bg-editor-hr-wrap\">\n<div class=\"col-md-12 col-xs-12 col-sm-12 col-lg-12\">\n<div>\n<div class=\"bg-hr bg-hr-2\"><\/div>\n<\/div>\n<\/div>\n<\/div>\n<h3 class=\"\" style=\"text-align: center;\"><strong>CALCULADORA DE PRESUPUESTO EN ARTE<\/strong><br \/>\n(versi\u00f3n 1.0 &#8211; mayo 2021)<\/h3>\n<p class=\"\" style=\"text-align: center;\"><a href=\"http:\/\/cuantovalemitrabajoenarte.org\/\" target=\"_blank\" rel=\"noopener\"><img loading=\"lazy\" decoding=\"async\" class=\"alignnone wp-image-819 size-medium\" src=\"https:\/\/www.trabajadoresdearte.org\/sitio\/wp-content\/uploads\/2021\/05\/photo5014854607549081942-300x300.jpg\" alt=\"\" width=\"300\" height=\"300\" srcset=\"https:\/\/www.trabajadoresdearte.org\/sitio\/wp-content\/uploads\/2021\/05\/photo5014854607549081942-300x300.jpg 300w, https:\/\/www.trabajadoresdearte.org\/sitio\/wp-content\/uploads\/2021\/05\/photo5014854607549081942-1024x1024.jpg 1024w, https:\/\/www.trabajadoresdearte.org\/sitio\/wp-content\/uploads\/2021\/05\/photo5014854607549081942-150x150.jpg 150w, https:\/\/www.trabajadoresdearte.org\/sitio\/wp-content\/uploads\/2021\/05\/photo5014854607549081942-768x768.jpg 768w, https:\/\/www.trabajadoresdearte.org\/sitio\/wp-content\/uploads\/2021\/05\/photo5014854607549081942-48x48.jpg 48w, https:\/\/www.trabajadoresdearte.org\/sitio\/wp-content\/uploads\/2021\/05\/photo5014854607549081942-250x250.jpg 250w, https:\/\/www.trabajadoresdearte.org\/sitio\/wp-content\/uploads\/2021\/05\/photo5014854607549081942-550x550.jpg 550w, https:\/\/www.trabajadoresdearte.org\/sitio\/wp-content\/uploads\/2021\/05\/photo5014854607549081942-800x800.jpg 800w, https:\/\/www.trabajadoresdearte.org\/sitio\/wp-content\/uploads\/2021\/05\/photo5014854607549081942-180x180.jpg 180w, https:\/\/www.trabajadoresdearte.org\/sitio\/wp-content\/uploads\/2021\/05\/photo5014854607549081942-500x500.jpg 500w, https:\/\/www.trabajadoresdearte.org\/sitio\/wp-content\/uploads\/2021\/05\/photo5014854607549081942.jpg 1241w\" sizes=\"auto, (max-width: 300px) 100vw, 300px\" \/><\/a><\/p>\n<div class=\"row bg-editor-hr-wrap\">\n<div class=\"col-md-12 col-xs-12 col-sm-12 col-lg-12\">\n<div>\n<div class=\"bg-hr bg-hr-2\"><\/div>\n<p>&nbsp;<\/p>\n<\/div>\n<\/div>\n<\/div>\n<div class=\"row\" style=\"padding-top: 10px; padding-bottom: 10px;\">\n<div class=\"col-md-12 col-sm-12 col-xs-12 col-lg-12\">\n<div>\n<h3 class=\"\"><strong>\u00bfQuieres participar?<\/strong><\/h3>\n<ul class=\"\" style=\"font-size: 14px;\">\n<li style=\"list-style-type: none;\">\n<ul>\n<li><a href=\"https:\/\/www.trabajadoresdearte.org\/sitio\/acuerdos-de-trabajadores-de-arte\/\"><strong><em>lee, descarga y difunde el Acuerdo<\/em><\/strong><\/a>&nbsp;de trabajadores de tu pa\u00eds.<\/li>\n<li>comparte en redes sociales y con otras personas el <strong><a href=\"https:\/\/www.trabajadoresdearte.org\/sitio\/manual-de-accion\/\">MANUAL DE ACCI\u00d3N<\/a><\/strong> !<\/li>\n<li><em>ingresa a los grupos de debate<\/em>&nbsp;en&nbsp;<a href=\"http:\/\/tiny.cc\/trabajadoresdearte2\" target=\"_blank\" rel=\"noopener noreferrer\"><strong>Whatsapp<\/strong><\/a>&nbsp;o&nbsp;<a href=\"http:\/\/t.me\/trabajadoresdearte\" target=\"_blank\" rel=\"noopener noreferrer\"><strong>Telegram<\/strong><\/a>&nbsp;y conversemos.<\/li>\n<li><em>forma un grupo local aut\u00f3nomo<\/em> para debatir y actualizar el Acuerdo para tu pa\u00eds.<\/li>\n<li><a href=\"https:\/\/www.trabajadoresdearte.org\/sitio\/debate\/\"><strong><em>comparte tus experiencias<\/em><\/strong><\/a>, propuestas y bibliograf\u00eda con otros trabajadores.<\/li>\n<\/ul>\n<\/li>\n<\/ul>\n<\/div>\n<\/div>\n<\/div>\n<\/div>\n<\/div>\n<\/div>\n<\/div>\n","protected":false},"excerpt":{"rendered":"<p>YA EST\u00c1 DISPONIBLE EL VIDEO DE LA XII ASAMBLEA LATINOAMERICANA DE TRABAJADORAS Y TRABAJADORES DE ARTE&nbsp; O v\u00eddeo da XII Assembleia Latino-Americana de Trabalhadores de Arte j\u00e1 est\u00e1 dispon\u00edvel. versi\u00f3n en espa\u00f1ol | Vers\u00e3o em portugu\u00eas MANUAL DE ACCI\u00d3N versi\u00f3n impresa y digital. MANUAL DE A\u00c7\u00c3O impresso &nbsp; CALCULADORA DE PRESUPUESTO EN ARTE (versi\u00f3n 1.0 &hellip; <a href=\"https:\/\/www.trabajadoresdearte.org\/sitio\/\" class=\"more-link\">Sigue leyendo <span class=\"screen-reader-text\">Inicio<\/span><\/a><\/p>\n","protected":false},"author":1,"featured_media":0,"parent":0,"menu_order":0,"comment_status":"closed","ping_status":"closed","template":"template\/page\/fullwidth.php","meta":{"bgseo_title":"","bgseo_description":"","bgseo_robots_index":"index","bgseo_robots_follow":"follow","footnotes":""},"class_list":["post-5","page","type-page","status-publish","hentry"],"_links":{"self":[{"href":"https:\/\/www.trabajadoresdearte.org\/sitio\/wp-json\/wp\/v2\/pages\/5","targetHints":{"allow":["GET"]}}],"collection":[{"href":"https:\/\/www.trabajadoresdearte.org\/sitio\/wp-json\/wp\/v2\/pages"}],"about":[{"href":"https:\/\/www.trabajadoresdearte.org\/sitio\/wp-json\/wp\/v2\/types\/page"}],"author":[{"embeddable":true,"href":"https:\/\/www.trabajadoresdearte.org\/sitio\/wp-json\/wp\/v2\/users\/1"}],"replies":[{"embeddable":true,"href":"https:\/\/www.trabajadoresdearte.org\/sitio\/wp-json\/wp\/v2\/comments?post=5"}],"version-history":[{"count":10,"href":"https:\/\/www.trabajadoresdearte.org\/sitio\/wp-json\/wp\/v2\/pages\/5\/revisions"}],"predecessor-version":[{"id":1534,"href":"https:\/\/www.trabajadoresdearte.org\/sitio\/wp-json\/wp\/v2\/pages\/5\/revisions\/1534"}],"wp:attachment":[{"href":"https:\/\/www.trabajadoresdearte.org\/sitio\/wp-json\/wp\/v2\/media?parent=5"}],"curies":[{"name":"wp","href":"https:\/\/api.w.org\/{rel}","templated":true}]}}

<div class="boldgrid-section" style="background-color: #ffffff;">
<div class="container">
<div class="row" style="padding-top: 13px;">
<div></div>
<div></div>
<div></div>
<div class="col-lg-12 col-md-12 col-xs-12 col-sm-12">
<h3 class="type-title" style="text-align: center;">YA ESTÁ DISPONIBLE EL VIDEO DE LA XII ASAMBLEA LATINOAMERICANA DE TRABAJADORAS Y TRABAJADORES DE ARTE&nbsp;<br />
O vídeo da XII Assembleia Latino-Americana de Trabalhadores de Arte já está disponível.</h3>
<p class="" style="text-align: center;"><a href="https://www.trabajadoresdearte.org/sitio/xii-asamblea-latinoamericana-de-trabajadoras-y-trabajadores-de-arte-contemporaneo/"><strong><img loading="lazy" decoding="async" class="aligncenter wp-image-1526 " src="https://www.trabajadoresdearte.org/sitio/wp-content/uploads/2025/11/asamblea-horizontal-1024x379.jpg" alt="" width="756" height="325"></strong></a></p>
<p class="" style="text-align: center;"><a href="https://www.trabajadoresdearte.org/sitio/xii-asamblea-latinoamericana-de-trabajadoras-y-trabajadores-de-arte-contemporaneo/">versión en español</a> | Versão em português</p>
<p class="" style="text-align: center;"><a href="https://www.trabajadoresdearte.org/sitio/preventa-del-manual-de-accion-actualizado/"><img loading="lazy" decoding="async" class="alignnone wp-image-1413 size-full" src="https://www.trabajadoresdearte.org/sitio/wp-content/uploads/2025/02/Horizontal-2.jpg" alt="" width="851" height="315" srcset="https://www.trabajadoresdearte.org/sitio/wp-content/uploads/2025/02/Horizontal-2.jpg 851w, https://www.trabajadoresdearte.org/sitio/wp-content/uploads/2025/02/Horizontal-2-300x111.jpg 300w, https://www.trabajadoresdearte.org/sitio/wp-content/uploads/2025/02/Horizontal-2-768x284.jpg 768w, https://www.trabajadoresdearte.org/sitio/wp-content/uploads/2025/02/Horizontal-2-250x93.jpg 250w, https://www.trabajadoresdearte.org/sitio/wp-content/uploads/2025/02/Horizontal-2-550x204.jpg 550w, https://www.trabajadoresdearte.org/sitio/wp-content/uploads/2025/02/Horizontal-2-800x296.jpg 800w, https://www.trabajadoresdearte.org/sitio/wp-content/uploads/2025/02/Horizontal-2-486x180.jpg 486w, https://www.trabajadoresdearte.org/sitio/wp-content/uploads/2025/02/Horizontal-2-810x300.jpg 810w" sizes="auto, (max-width: 851px) 100vw, 851px" /></a></p>
</div>
</div>
<div class="row" style="padding-top: 11px; padding-bottom: 28px;">
<div class="col-md-6 col-sm-6 col-xs-12 col-lg-6" style="text-align: center;">
<p class="" style="text-align: center;"><a href="https://www.trabajadoresdearte.org/sitio/version-impresa-del-manual-de-accion/"><img loading="lazy" decoding="async" class="wp-image-958 size-medium aligncenter" src="https://www.trabajadoresdearte.org/sitio/wp-content/uploads/2021/06/photo1623964733-258x300.jpeg" alt="" width="258" height="300" srcset="https://www.trabajadoresdearte.org/sitio/wp-content/uploads/2021/06/photo1623964733-258x300.jpeg 258w, https://www.trabajadoresdearte.org/sitio/wp-content/uploads/2021/06/photo1623964733-880x1024.jpeg 880w, https://www.trabajadoresdearte.org/sitio/wp-content/uploads/2021/06/photo1623964733-768x894.jpeg 768w, https://www.trabajadoresdearte.org/sitio/wp-content/uploads/2021/06/photo1623964733-250x291.jpeg 250w, https://www.trabajadoresdearte.org/sitio/wp-content/uploads/2021/06/photo1623964733-550x640.jpeg 550w, https://www.trabajadoresdearte.org/sitio/wp-content/uploads/2021/06/photo1623964733-800x931.jpeg 800w, https://www.trabajadoresdearte.org/sitio/wp-content/uploads/2021/06/photo1623964733-155x180.jpeg 155w, https://www.trabajadoresdearte.org/sitio/wp-content/uploads/2021/06/photo1623964733-430x500.jpeg 430w, https://www.trabajadoresdearte.org/sitio/wp-content/uploads/2021/06/photo1623964733.jpeg 1100w" sizes="auto, (max-width: 258px) 100vw, 258px" /></a></p>
<pre class=""><span style="font-size: 24px; font-weight: bold; background-color: #ffffff; font-family: 'Noto Serif', serif;">MANUAL DE ACCIÓN</span></pre>
<h3 class="" style="text-align: center;">versión impresa y digital.</h3>
<p class="" style="text-align: center;"><strong>MANUAL DE AÇÃO impresso</strong></p>
<p class="">&nbsp;</p>
</div>
<div class="col-md-6 col-sm-6 col-xs-12 color4-background-color color-4-text-contrast bg-background-color col-lg-6" style="background-color: #ffffff;">
<div class="row bg-editor-hr-wrap">
<div class="col-md-12 col-xs-12 col-sm-12 col-lg-12">
<div>
<div class="bg-hr bg-hr-2"></div>
</div>
</div>
</div>
<h3 class="" style="text-align: center;"><strong>CALCULADORA DE PRESUPUESTO EN ARTE</strong><br />
(versión 1.0 &#8211; mayo 2021)</h3>
<p class="" style="text-align: center;"><a href="http://cuantovalemitrabajoenarte.org/" target="_blank" rel="noopener"><img loading="lazy" decoding="async" class="alignnone wp-image-819 size-medium" src="https://www.trabajadoresdearte.org/sitio/wp-content/uploads/2021/05/photo5014854607549081942-300x300.jpg" alt="" width="300" height="300" srcset="https://www.trabajadoresdearte.org/sitio/wp-content/uploads/2021/05/photo5014854607549081942-300x300.jpg 300w, https://www.trabajadoresdearte.org/sitio/wp-content/uploads/2021/05/photo5014854607549081942-1024x1024.jpg 1024w, https://www.trabajadoresdearte.org/sitio/wp-content/uploads/2021/05/photo5014854607549081942-150x150.jpg 150w, https://www.trabajadoresdearte.org/sitio/wp-content/uploads/2021/05/photo5014854607549081942-768x768.jpg 768w, https://www.trabajadoresdearte.org/sitio/wp-content/uploads/2021/05/photo5014854607549081942-48x48.jpg 48w, https://www.trabajadoresdearte.org/sitio/wp-content/uploads/2021/05/photo5014854607549081942-250x250.jpg 250w, https://www.trabajadoresdearte.org/sitio/wp-content/uploads/2021/05/photo5014854607549081942-550x550.jpg 550w, https://www.trabajadoresdearte.org/sitio/wp-content/uploads/2021/05/photo5014854607549081942-800x800.jpg 800w, https://www.trabajadoresdearte.org/sitio/wp-content/uploads/2021/05/photo5014854607549081942-180x180.jpg 180w, https://www.trabajadoresdearte.org/sitio/wp-content/uploads/2021/05/photo5014854607549081942-500x500.jpg 500w, https://www.trabajadoresdearte.org/sitio/wp-content/uploads/2021/05/photo5014854607549081942.jpg 1241w" sizes="auto, (max-width: 300px) 100vw, 300px" /></a></p>
<div class="row bg-editor-hr-wrap">
<div class="col-md-12 col-xs-12 col-sm-12 col-lg-12">
<div>
<div class="bg-hr bg-hr-2"></div>
<p>&nbsp;</p>
</div>
</div>
</div>
<div class="row" style="padding-top: 10px; padding-bottom: 10px;">
<div class="col-md-12 col-sm-12 col-xs-12 col-lg-12">
<div>
<h3 class=""><strong>¿Quieres participar?</strong></h3>
<ul class="" style="font-size: 14px;">
<li style="list-style-type: none;">
<ul>
<li><a href="https://www.trabajadoresdearte.org/sitio/acuerdos-de-trabajadores-de-arte/"><strong><em>lee, descarga y difunde el Acuerdo</em></strong></a>&nbsp;de trabajadores de tu país.</li>
<li>comparte en redes sociales y con otras personas el <strong><a href="https://www.trabajadoresdearte.org/sitio/manual-de-accion/">MANUAL DE ACCIÓN</a></strong> !</li>
<li><em>ingresa a los grupos de debate</em>&nbsp;en&nbsp;<a href="http://tiny.cc/trabajadoresdearte2" target="_blank" rel="noopener noreferrer"><strong>Whatsapp</strong></a>&nbsp;o&nbsp;<a href="http://t.me/trabajadoresdearte" target="_blank" rel="noopener noreferrer"><strong>Telegram</strong></a>&nbsp;y conversemos.</li>
<li><em>forma un grupo local autónomo</em> para debatir y actualizar el Acuerdo para tu país.</li>
<li><a href="https://www.trabajadoresdearte.org/sitio/debate/"><strong><em>comparte tus experiencias</em></strong></a>, propuestas y bibliografía con otros trabajadores.</li>
</ul>
</li>
</ul>
</div>
</div>
</div>
</div>
</div>
</div>
</div>

<p>YA ESTÁ DISPONIBLE EL VIDEO DE LA XII ASAMBLEA LATINOAMERICANA DE TRABAJADORAS Y TRABAJADORES DE ARTE&nbsp; O vídeo da XII Assembleia Latino-Americana de Trabalhadores de Arte já está disponível. versión en español | Versão em português MANUAL DE ACCIÓN versión impresa y digital. MANUAL DE AÇÃO impresso &nbsp; CALCULADORA DE PRESUPUESTO EN ARTE (versión 1.0 &hellip; <a href="https://www.trabajadoresdearte.org/sitio/" class="more-link">Sigue leyendo <span class="screen-reader-text">Inicio</span></a></p>
